{"id":301,"date":"2015-11-24T16:15:20","date_gmt":"2015-11-24T15:15:20","guid":{"rendered":"https:\/\/www.amicale-asnieres.fr\/?page_id=301"},"modified":"2019-01-10T17:26:10","modified_gmt":"2019-01-10T16:26:10","slug":"gustave-baguer","status":"publish","type":"page","link":"https:\/\/www.amicale-asnieres.fr\/?page_id=301","title":{"rendered":"Historique Gustave Baguer"},"content":{"rendered":"<h2 style=\"text-align: left;\"><span style=\"font-family: arial, helvetica, sans-serif;\">Gustave Alphonse Baguer, un philanthrope engag\u00e9<\/span><\/h2>\n<p style=\"text-align: justify;\"><span style=\"font-size: 14pt; font-family: arial, helvetica, sans-serif;\">Bien que peu c\u00e9l\u00e9br\u00e9, voire compl\u00e8tement ignor\u00e9, BAGUER n\u00e9 en 1858 dans une modeste famille ouvri\u00e8re, autodidacte. Il est un des pr\u00e9curseurs de l\u2019enseignement pour les enfants anormaux \u00e0 la fin du si\u00e8cle dernier. Son action rev\u00eat divers visages : elle rel\u00e8ve d\u2019abord d\u2019un travail de terrain constant et continu et d\u2019un engagement personnel vis-\u00e0-vis des enfants sourds ; il en accueille dans sa classe en tant qu\u2019instituteur, les aide, leur donne des cours suppl\u00e9mentaires ; elle rel\u00e8ve en parall\u00e8le d\u2019un engagement politique \u201cdans l\u2019ombre\u201d, sous forme de lobbying aupr\u00e8s de d\u00e9put\u00e9s et de s\u00e9nateurs, de participation \u00e0 des commissions afin de faire entrer les enfants sourds et aveugles dans l\u2019orbite de l\u2019enseignement public naissant, de missions \u00e0 travers le pays pour encourager la cr\u00e9ation de classes sp\u00e9ciales, de pr\u00e9paration de textes l\u00e9gislatifs, de tourn\u00e9es d\u2019inspections pendant plus de 10 ans dans les \u00e9coles et \u00e9tablissements d\u00e9di\u00e9s aux enfants anormaux.<\/span><\/p>\n<p style=\"text-align: center;\">\r\n\t<div class=\"slideshow_container slideshow_container_style-light\" style=\"height: 600px; \" data-slideshow-id=\"1861\" data-style-name=\"style-light\" data-style-version=\"2.3.1\" >\r\n\r\n\t\t\t\t\t<div class=\"slideshow_loading_icon\"><\/div>\r\n\t\t\r\n\t\t<div class=\"slideshow_content\" style=\"display: none;\">\r\n\r\n\t\t\t<div class=\"slideshow_view\">\r\n\t\t\t\t<div class=\"slideshow_slide slideshow_slide_image\">\r\n\t\t\t\t\t\t\t\t\t\t\t<img src=\"https:\/\/www.amicale-asnieres.fr\/wp-content\/uploads\/2015\/11\/IDGB-012.jpg\" alt=\"M. Gustave Baguer\" width=\"500\" height=\"800\" \/>\r\n\t\t\t\t\t\t\t\t\t\t<div class=\"slideshow_description_box slideshow_transparent\">\r\n\t\t\t\t\t\t<div class=\"slideshow_title\">M. Gustave Baguer<\/div>\t\t\t\t\t\t<div class=\"slideshow_description\">01<\/div>\t\t\t\t\t<\/div>\r\n\t\t\t\t<\/div>\r\n\r\n\t\t\t\t\t\t<div style=\"clear: both;\"><\/div><\/div><div class=\"slideshow_view\">\r\n\t\t\t\t<div class=\"slideshow_slide slideshow_slide_image\">\r\n\t\t\t\t\t\t\t\t\t\t\t<img src=\"https:\/\/www.amicale-asnieres.fr\/wp-content\/uploads\/2015\/11\/IDGB-021.jpg\" alt=\"Inauguration le 17 juin 1894 en pr\u00e9sence de M. Gustave Baguer\" width=\"800\" height=\"500\" \/>\r\n\t\t\t\t\t\t\t\t\t\t<div class=\"slideshow_description_box slideshow_transparent\">\r\n\t\t\t\t\t\t<div class=\"slideshow_title\">Inauguration le 17 juin 1894 en pr\u00e9sence de M. Gustave Baguer<\/div>\t\t\t\t\t\t<div class=\"slideshow_description\">02<\/div>\t\t\t\t\t<\/div>\r\n\t\t\t\t<\/div>\r\n\r\n\t\t\t\t\t\t<div style=\"clear: both;\"><\/div><\/div><div class=\"slideshow_view\">\r\n\t\t\t\t<div class=\"slideshow_slide slideshow_slide_image\">\r\n\t\t\t\t\t\t\t\t\t\t\t<img src=\"https:\/\/www.amicale-asnieres.fr\/wp-content\/uploads\/2015\/11\/IDGB-031.jpg\" alt=\"Visite de l'institut en pr\u00e9sence des personnalit\u00e9s en 1899\" width=\"800\" height=\"500\" \/>\r\n\t\t\t\t\t\t\t\t\t\t<div class=\"slideshow_description_box slideshow_transparent\">\r\n\t\t\t\t\t\t<div class=\"slideshow_title\">Visite de l'institut en pr\u00e9sence des personnalit\u00e9s en 1899<\/div>\t\t\t\t\t\t<div class=\"slideshow_description\">03<\/div>\t\t\t\t\t<\/div>\r\n\t\t\t\t<\/div>\r\n\r\n\t\t\t\t\t\t<div style=\"clear: both;\"><\/div><\/div><div class=\"slideshow_view\">\r\n\t\t\t\t<div class=\"slideshow_slide slideshow_slide_image\">\r\n\t\t\t\t\t\t\t\t\t\t\t<img src=\"https:\/\/www.amicale-asnieres.fr\/wp-content\/uploads\/2015\/11\/IDGB-041.jpg\" alt=\"M. Gustave Baguer, apprentissage de la parole aux \u00e9l\u00e8ves en 1909\" width=\"800\" height=\"499\" \/>\r\n\t\t\t\t\t\t\t\t\t\t<div class=\"slideshow_description_box slideshow_transparent\">\r\n\t\t\t\t\t\t<div class=\"slideshow_title\">M. Gustave Baguer, apprentissage de la parole aux \u00e9l\u00e8ves en 1909<\/div>\t\t\t\t\t\t<div class=\"slideshow_description\">04<\/div>\t\t\t\t\t<\/div>\r\n\t\t\t\t<\/div>\r\n\r\n\t\t\t\t\t\t<div style=\"clear: both;\"><\/div><\/div><div class=\"slideshow_view\">\r\n\t\t\t\t<div class=\"slideshow_slide slideshow_slide_image\">\r\n\t\t\t\t\t\t\t\t\t\t\t<img src=\"https:\/\/www.amicale-asnieres.fr\/wp-content\/uploads\/2015\/11\/IDGB-051.jpg\" alt=\"Les obs\u00e8ques de M. Gustave Baguer d\u00e9c\u00e9d\u00e9 le 27 janvier 1919\" width=\"800\" height=\"500\" \/>\r\n\t\t\t\t\t\t\t\t\t\t<div class=\"slideshow_description_box slideshow_transparent\">\r\n\t\t\t\t\t\t<div class=\"slideshow_title\">Les obs\u00e8ques de M. Gustave Baguer d\u00e9c\u00e9d\u00e9 le 27 janvier 1919<\/div>\t\t\t\t\t\t<div class=\"slideshow_description\">05<\/div>\t\t\t\t\t<\/div>\r\n\t\t\t\t<\/div>\r\n\r\n\t\t\t\t\t\t<div style=\"clear: both;\"><\/div><\/div><div class=\"slideshow_view\">\r\n\t\t\t\t<div class=\"slideshow_slide slideshow_slide_image\">\r\n\t\t\t\t\t\t\t\t\t\t\t<img src=\"https:\/\/www.amicale-asnieres.fr\/wp-content\/uploads\/2015\/11\/IDGB-061.jpg\" alt=\"C\u00e9m\u00e9moration de M. Gustave Baguer en 1920\" width=\"800\" height=\"500\" \/>\r\n\t\t\t\t\t\t\t\t\t\t<div class=\"slideshow_description_box slideshow_transparent\">\r\n\t\t\t\t\t\t<div class=\"slideshow_title\">C\u00e9m\u00e9moration de M. Gustave Baguer en 1920<\/div>\t\t\t\t\t\t<div class=\"slideshow_description\">06<\/div>\t\t\t\t\t<\/div>\r\n\t\t\t\t<\/div>\r\n\r\n\t\t\t\t\t\t<div style=\"clear: both;\"><\/div><\/div><div class=\"slideshow_view\">\r\n\t\t\t\t<div class=\"slideshow_slide slideshow_slide_image\">\r\n\t\t\t\t\t\t\t\t\t\t\t<img src=\"https:\/\/www.amicale-asnieres.fr\/wp-content\/uploads\/2015\/11\/IDGB-071.jpg\" alt=\"C\u00e9m\u00e9moration de Gustave Baguer en 1920\" width=\"800\" height=\"500\" \/>\r\n\t\t\t\t\t\t\t\t\t\t<div class=\"slideshow_description_box slideshow_transparent\">\r\n\t\t\t\t\t\t<div class=\"slideshow_title\">C\u00e9m\u00e9moration de Gustave Baguer en 1920<\/div>\t\t\t\t\t\t<div class=\"slideshow_description\">07<\/div>\t\t\t\t\t<\/div>\r\n\t\t\t\t<\/div>\r\n\r\n\t\t\t\t\t\t<div style=\"clear: both;\"><\/div><\/div><div class=\"slideshow_view\">\r\n\t\t\t\t<div class=\"slideshow_slide slideshow_slide_image\">\r\n\t\t\t\t\t\t\t\t\t\t\t<img src=\"https:\/\/www.amicale-asnieres.fr\/wp-content\/uploads\/2015\/11\/IDGB-08.jpg\" alt=\"IDGB-08\" width=\"500\" height=\"800\" \/>\r\n\t\t\t\t\t\t\t\t\t\t<div class=\"slideshow_description_box slideshow_transparent\">\r\n\t\t\t\t\t\t<div class=\"slideshow_title\">IDGB-08<\/div>\t\t\t\t\t\t<div class=\"slideshow_description\">Buste de M. Gustave Baguer offert par les anciens \u00e9l\u00e8ves<\/div>\t\t\t\t\t<\/div>\r\n\t\t\t\t<\/div>\r\n\r\n\t\t\t\t\t\t<div style=\"clear: both;\"><\/div><\/div>\r\n\t\t<\/div>\r\n\r\n\t\t<div class=\"slideshow_controlPanel slideshow_transparent\" style=\"display: none;\"><ul><li class=\"slideshow_togglePlay\" data-play-text=\"Play\" data-pause-text=\"Pause\"><\/li><\/ul><\/div>\r\n\r\n\t\t<div class=\"slideshow_button slideshow_previous slideshow_transparent\" role=\"button\" data-previous-text=\"Pr\u00e9c\u00e9dent\" style=\"display: none;\"><\/div>\r\n\t\t<div class=\"slideshow_button slideshow_next slideshow_transparent\" role=\"button\" data-next-text=\"Suivant\" style=\"display: none;\"><\/div>\r\n\r\n\t\t<div class=\"slideshow_pagination\" style=\"display: none;\" data-go-to-text=\"Go to slide\"><div class=\"slideshow_pagination_center\"><\/div><\/div>\r\n\r\n\t\t<!-- WordPress Slideshow Version 2.3.1 -->\r\n\r\n\t\t\t<\/div>\r\n\r\n<\/p>\n<p style=\"text-align: justify;\"><span style=\"font-size: 14pt; font-family: arial, helvetica, sans-serif;\">Comme nombre de philanthropes de son \u00e9poque, il se mobilise sur l&rsquo;ensemble des probl\u00e8mes sociaux de l&rsquo;enfance, avec une double vis\u00e9e : moralisation des enfants des classes laborieuses et pr\u00e9servation sociale ; assistance r\u00e9publicaine et application du droit \u00e0 l&rsquo;\u00e9ducation et \u00e0 l&rsquo;instruction \u00e0 tous les enfants.<\/span><\/p>\n<p style=\"text-align: justify;\"><span style=\"font-size: 14pt; font-family: arial, helvetica, sans-serif;\">Jeune instituteur, BAGUER s&rsquo;inscrit \u00e0 la Soci\u00e9t\u00e9 pour l&rsquo;enseignement simultan\u00e9 des sourds-muets et des entendants parlants, tr\u00e8s active aupr\u00e8s des ma\u00eetres, re\u00e7oit des enfants sourds dans sa classe, leur donne des le\u00e7ons suppl\u00e9mentaires apr\u00e8s ses heures de travail et souvent subvient \u00e0 leurs besoins alimentaires. R\u00e9publicain, il s&rsquo;engage d\u00e8s 1882 en faveur du rattachement des \u00e9tablissements de sourds et d&rsquo;aveugles au minist\u00e8re de l&rsquo;Instruction publique et d\u00e9fend le d\u00e9veloppement d&rsquo;un enseignement public pour ces enfants, jusque-l\u00e0 souvent priv\u00e9s d&rsquo;instruction ou plac\u00e9s dans des institutions priv\u00e9es, g\u00e9n\u00e9ralement congr\u00e9ganistes, o\u00f9, selon BAGUER, ils ne re\u00e7oivent ni les soins ni l&rsquo;\u00e9ducation indispensables. En 1892, il agit aupr\u00e8s des autorit\u00e9s scolaires et du Conseil g\u00e9n\u00e9ral de la Seine, pour faire cr\u00e9er un internat o\u00f9 les sourds apprendraient \u00e0 parler et acquerraient un m\u00e9tier. Il est nomm\u00e9 \u00ab secr\u00e9taire administratif \u00bb de la Commission qui \u00e9tudie la question. L&rsquo;Institut d\u00e9partemental des sourds-muets et sourdes-muettes de la Seine est cr\u00e9\u00e9 en 1893-1894, \u00e0 Asni\u00e8res ; il en est le premier directeur. A partir de 1902. Il demande la cr\u00e9ation de nouvelles \u00e9coles pour les sourds et les aveugles et la transformation des \u00e9tablissements existants (rattach\u00e9s alors au Minist\u00e8re de l&rsquo;Int\u00e9rieur, comme l&rsquo;ensemble des institutions d&rsquo;Assistance publique) en \u00e9coles r\u00e9gionales rattach\u00e9es \u00e0 l&rsquo;Instruction publique. En rapport avec lui, les d\u00e9put\u00e9s TOURNADE et BUISSON obtiennent un amendement au budget de 1906 : les ma\u00eetres de sourds et d&rsquo;aveugles pourront \u00eatre pay\u00e9s par l&rsquo;Instruction publique. Les premiers \u00e0 en b\u00e9n\u00e9ficier sont les instituteurs d&rsquo;Asni\u00e8res. Enfin, de 1908 \u00e0 1914, BAGUER se met au service des parlementaires pour pr\u00e9parer et d\u00e9fendre le projet CHAUTARD visant \u00e0 rattacher des \u00e9coles de sourds et d&rsquo;aveugles \u00e0 l&rsquo;Instruction publique. Vot\u00e9 par la Chambre en 1910, ce texte suscite d&rsquo;\u00e2pres oppositions, avant tout de la droite et des congr\u00e9ganistes. Il ne sera jamais vot\u00e9 par le S\u00e9nat.<\/span><\/p>\n<p style=\"text-align: justify;\"><span style=\"font-size: 14pt; font-family: arial, helvetica, sans-serif;\">Contre nombre de sourds, il est partisan de la m\u00e9thode orale dite m\u00e9thode allemande (d\u00e9mutisation, lecture sur les l\u00e8vres). En 1915, l &lsquo;ouverture d &lsquo; une classe d&rsquo;arri\u00e9r\u00e9s dans son Institut d&rsquo;Asni\u00e8res est vivement critiqu\u00e9e par beaucoup de sourds, \u00e0 cause de la confusion qu&rsquo;elle risque d&rsquo;entretenir entre les arri\u00e9r\u00e9s et eux.<\/span><\/p>\n<p style=\"text-align: justify;\"><span style=\"font-size: 14pt; font-family: arial, helvetica, sans-serif;\">BAGUER agit, le plus souvent, par des d\u00e9marches personnelles aupr\u00e8s d&rsquo;hommes \u00e9minents et de parlementaires. Rien ne montre qu&rsquo;il ait milit\u00e9 dans un parti et on ne le voit s&rsquo;exprimer ni dans les amicales ni dans les syndicats d&rsquo;instituteurs. Il participe \u00e0 diverses associations, mais ses communications en congr\u00e8s, comme ses publications, sont relativement peu nombreuses. BAGUER ne sort jamais vraiment de son statut d&rsquo;instituteur. Ni grade reconnu ni entr\u00e9 dans un corps hi\u00e9rarchique sup\u00e9rieur, avec ses avantages, cette fonction reste \u00e0 mi-chemin entre un poste officiel et un travail de militant. BAGUER se voit attribuer diverses d\u00e9corations, mais non la L\u00e9gion d&rsquo;honneur pourtant demand\u00e9e pour lui. \u00c0 60 ans, contrairement au voeu de la Commission de surveillance de son \u00e9tablissement, on le met \u00e0 la retraite, sans tenir compte de son propre d\u00e9sir. D\u00e8s son vivant, BAGUER est une personnalit\u00e9 p\u00e9dagogique, discut\u00e9e niais importante, du monde des sourds. Soucieux de toute l\u2019enfance d\u00e9laiss\u00e9e en g\u00e9n\u00e9ral, il participera \u00e9galement \u00e0 la cr\u00e9ation de la loi sur les pupilles de la nation \u00e0 la fin de la Grande Guerre (loi de 1917).\u2028Son but constant est de voir confi\u00e9 \u00e0 l\u2019\u00c9tat la gestion des enfants diff\u00e9rents qui, comme tous les autres enfants, ont droit \u00e0 un enseignement public dispens\u00e9 par des ma\u00eetres form\u00e9s, et non \u00e0 de simples modes de garde plus ou moins satisfaisants. Son absence de position hi\u00e9rarchique forte dans le monde de l\u2019enseignement ou dans celui de la politique explique que son action, pourtant poursuivie inlassablement durant toute sa vie, soit rest\u00e9e ignor\u00e9e du grand public et absente de la m\u00e9moire collective.<\/span><\/p>\n<p style=\"text-align: justify;\"><span style=\"font-family: arial, helvetica, sans-serif; font-size: 14pt;\">L&rsquo;Institut d&rsquo;Asni\u00e8res accueille enseignants fran\u00e7ais et \u00e9trangers, venus se former aux m\u00e9thodes qu&rsquo;on y emploie. Illustration parmi d&rsquo;autres des positions oralistes dominantes \u00e0 la fin du XIX e si\u00e8cle, sa p\u00e9dagogie pour les sourds int\u00e9resse, aujourd&rsquo;hui encore, les d\u00e9bats sur l&rsquo;usage des signes et de la parole dans leur \u00e9ducation. Il d\u00e9c\u00e8de le 27 janvier 1919, \u00e0 Paris, apr\u00e8s une courte maladie, il est enterr\u00e9 dans l&rsquo;ancien cimeti\u00e8re d&rsquo;Asni\u00e8res-sur-Seine.<\/span><\/p>\n<p style=\"text-align: justify;\"><span style=\"font-family: arial, helvetica, sans-serif; font-size: 14pt;\">\u2022 4 juin 1858. Naissance \u00e0 Paris XX, d&rsquo;une famille ouvri\u00e8re tr\u00e8s modeste.<\/span><\/p>\n<p style=\"text-align: justify;\"><span style=\"font-family: arial, helvetica, sans-serif; font-size: 14pt;\">\u2022 1871. Quitte l&rsquo;\u00e9cole primaire, \u00e0 13 ans.<\/span><\/p>\n<p style=\"text-align: justify;\"><span style=\"font-family: arial, helvetica, sans-serif; font-size: 14pt;\">\u2022 1871-1878. Exerce diff\u00e9rents m\u00e9tiers et poursuit ses \u00e9tudes en travaillant.<\/span><\/p>\n<p style=\"text-align: justify;\"><span style=\"font-family: arial, helvetica, sans-serif; font-size: 14pt;\">\u2022 1893. Mariage. (Mme BAGUER, n\u00e9e Jeanne-Marie Victoire BLONDEL, institutrice, sera directrice de l&rsquo;\u00e9cole des filles, \u00e0 l&rsquo;Institut d\u00e9partemental de sourds-muets d&rsquo;Asni\u00e8res.)<\/span><\/p>\n<p style=\"text-align: justify;\"><span style=\"font-family: arial, helvetica, sans-serif; font-size: 14pt;\">\u2022 1879-1893. Instituteur \u00e0 Paris, dans l&rsquo;Enseignement public, apr\u00e8s avoir exerc\u00e9 dans une \u00e9cole libre.<\/span><\/p>\n<p style=\"text-align: justify;\"><span style=\"font-family: arial, helvetica, sans-serif; font-size: 14pt;\">\u2022 1894. Naissance d&rsquo;une fille. (Marcelle BAGUER sera violoniste et partira en Grande-Bretagne.)<\/span><\/p>\n<p style=\"text-align: justify;\"><span style=\"font-family: arial, helvetica, sans-serif; font-size: 14pt;\">\u2022 1894-1918. Directeur de l&rsquo;Institut d\u00e9partemental des sourds-muets et sourdes-muettes de la Seine (Asni\u00e8res).<\/span><\/p>\n<p style=\"text-align: justify;\"><span style=\"font-family: arial, helvetica, sans-serif; font-size: 14pt;\">\u2022 1902. Secr\u00e9taire g\u00e9n\u00e9ral de la Soci\u00e9t\u00e9 pour l&rsquo;enseignement simultan\u00e9 des sourds-muets et des entendants parlants, qui devient en 1904 Soci\u00e9t\u00e9 pour l&rsquo;instruction et la protection des enfants sourds-muets ou arri\u00e9r\u00e9s.<\/span><\/p>\n<p style=\"text-align: justify;\"><span style=\"font-family: arial, helvetica, sans-serif; font-size: 14pt;\">\u2022 1911. Pr\u00e9sident du Comit\u00e9 de protection des anormaux, cr\u00e9\u00e9 le 9 d\u00e9cembre par le Patronage de 1\u2019Enfance et de l&rsquo;Adolescence.<\/span><\/p>\n<p style=\"text-align: justify;\"><span style=\"font-family: arial, helvetica, sans-serif; font-size: 14pt;\">\u2022 1918-1919. Directeur de l&rsquo;Office des pupilles de la nation de la Seine.<\/span><\/p>\n<p style=\"text-align: justify;\"><span style=\"font-family: arial, helvetica, sans-serif; font-size: 14pt;\">\u2022 27 janvier 1919. D\u00e9c\u00e8s, \u00e0 Paris, apr\u00e8s une courte maladie<\/span><\/p>\n<p><span style=\"font-family: arial, helvetica, sans-serif; font-size: 14pt;\">\u2022 27 janvier 2019. Hommage du 100<sup>\u00e8me<\/sup> anniversaire du d\u00e9c\u00e8s de Gustave Baguer \u00e0 Asni\u00e8res-sur-Seine.<\/span><\/p>\n","protected":false},"excerpt":{"rendered":"<p>Gustave Alphonse Baguer, un philanthrope engag\u00e9 Bien que peu c\u00e9l\u00e9br\u00e9, voire compl\u00e8tement ignor\u00e9, BAGUER n\u00e9 en 1858 dans une modeste famille ouvri\u00e8re, autodidacte. Il est un des pr\u00e9curseurs de l\u2019enseignement pour les enfants anormaux \u00e0 la fin du si\u00e8cle dernier. Son action rev\u00eat divers visages : elle rel\u00e8ve d\u2019abord d\u2019un travail de terrain constant et [&hellip;]<\/p>\n","protected":false},"author":1,"featured_media":0,"parent":0,"menu_order":0,"comment_status":"closed","ping_status":"open","template":"","meta":{"footnotes":""},"class_list":["post-301","page","type-page","status-publish","hentry"],"_links":{"self":[{"href":"https:\/\/www.amicale-asnieres.fr\/index.php?rest_route=\/wp\/v2\/pages\/301","targetHints":{"allow":["GET"]}}],"collection":[{"href":"https:\/\/www.amicale-asnieres.fr\/index.php?rest_route=\/wp\/v2\/pages"}],"about":[{"href":"https:\/\/www.amicale-asnieres.fr\/index.php?rest_route=\/wp\/v2\/types\/page"}],"author":[{"embeddable":true,"href":"https:\/\/www.amicale-asnieres.fr\/index.php?rest_route=\/wp\/v2\/users\/1"}],"replies":[{"embeddable":true,"href":"https:\/\/www.amicale-asnieres.fr\/index.php?rest_route=%2Fwp%2Fv2%2Fcomments&post=301"}],"version-history":[{"count":28,"href":"https:\/\/www.amicale-asnieres.fr\/index.php?rest_route=\/wp\/v2\/pages\/301\/revisions"}],"predecessor-version":[{"id":5558,"href":"https:\/\/www.amicale-asnieres.fr\/index.php?rest_route=\/wp\/v2\/pages\/301\/revisions\/5558"}],"wp:attachment":[{"href":"https:\/\/www.amicale-asnieres.fr\/index.php?rest_route=%2Fwp%2Fv2%2Fmedia&parent=301"}],"curies":[{"name":"wp","href":"https:\/\/api.w.org\/{rel}","templated":true}]}}